- (5 + 18)) + (17 - (15 - 7))
-1
What is the value of -22 + (42 + -13 - -16)?
23
21 - ((10 - 15) + 0 + -4)
30
What is (24 - (10 - (8 + 0)) - 9) + -11?
2
Calculate 11 + 0 - 23 - -11.
-1
What is 12 + 7 - ((1 - 3 - -7) + -2)?
16
(-6 - 11 - -6) + 2 - -2
-7
What is the value of -1 - 2 - (3 + (-31 - -13))?
12
(60 - 51) + -20 + 3 - -17
9
31 + -61 + 23 + 24 + -2 + 1
16
What is -9 - (-2 + -5 - (-7 + (14 - 7)))?
-2
Calculate -35 - (-24 + 15) - -15.
-11
Calculate 24 - (-26 - -80) - -7.
-23
Evaluate -9 - (64 - 36 - 12).
-25
Evaluate -10 + 21 + 1 + (4 - -4).
20
What is (3 - 19) + -5 + 15?
-6
What is -18 + 5 - (17 + (-62 - 0))?
32
What is the value of (580 - 564) + -2 + (-2 - 17)?
-5
Evaluate (-12 - ((7 - 2) + -23)) + 0.
6
What is (137 - 98) + 6 + -21?
24
What is 71 + -52 - (4 - -2)?
13
What is -12 + 6 - (-1 - 1 - 4 - 1)?
1
Evaluate 0 - 12 - -1 - -1.
-10
Evaluate 4 + 4 - (3 + 9).
-4
What is (171 - 163) + 0 + -9?
-1
What is the value of (-1 - (3 + 2)) + (5 - 2)?
-3
Calculate (2 - 4) + 1 + 1 + 5 + 4.
9
Evaluate -9 + (8 + -13 + 6 - (5 + -15)).
2
-18 - (-2 + -18) - -17
19
Evaluate (18 - (-16 - (4 - 37))) + 21.
22
What is 0 - ((-3 - -8) + 6)?
-11
17 + (1 - (35 + -19))
2
Calculate 0 + -4 + -5 + -16 + 23.
-2
Evaluate (-2 - -5) + (3 - 18 - -3).
-9
(2 - 11) + (5 - ((-14 - -7) + 18))
-15
What is (2 + -2 - -7) + (6 - (-1 - -7))?
7
Evaluate -17 - (-40 + -2 + -1).
26
Calculate 16 + (-9 - -18) + (4 + -13 - 6).
10
What is the value of 20 - 0 - ((-24 - 23) + 43)?
24
-11 + (7 - 13) + 9
-8
What is 19 + -2 + 0 + (-2734 - -2746)?
29
Calculate 2 + -25 + -46 + 60.
-9
Evaluate 2 - (-29 + 2 - (-38 - -32)).
23
What is 1 + -8 - (-3 - -17 - 11)?
-10
What is the value of (0 - -9 - 5) + -1 + -3?
0
9 + 15 + -12 + -5 + 8 + 0
15
Calculate 6 - (12 + (14 - 5)).
-15
-10 - -31 - (-15 + (-7 - (3 - 19)))
27
What is the value of (2 - ((-5 - 0) + (68 - 67))) + -31?
-25
What is 42 - 61 - 27 - -80?
34
What is -1 - (2 + -5) - (9 + (-1 - 0))?
-6
What is (-28 - 39) + 19 - -26?
-22
-35 - (-44 - (-4 + -22))
-17
Calculate 1 + -6 + 18 + -14.
-1
Calculate 14 - (33 - 3 - 18).
2
What is the value of 10 + -11 + 18 + -7 + 15 + -5?
20
What is the value of -23 + (33 - 10) + 31?
31
Evaluate 3 + (-9 - (-1 + -16)) + -14 - -5.
2
Calculate 53 - (-34 + 63) - 31.
-7
Evaluate (2 - 17) + (12 - (7 + 5) - 2).
-17
Evaluate -22 + 6 + 2 - 1.
-15
What is the value of -5 + 31 + -14 + -22?
-10
What is (5 - 14) + (-46 - -64)?
9
(-19 - -2) + 27 + (23 - 43)
-10
What is the value of 23 - (16 - (-9 + -8))?
-10
8 - 0 - 28 - -15
-5
Evaluate 5 - (-6 - (-5 + -1) - (-2 + -2)).
1
Evaluate (-24 - 26 - -11) + 31.
-8
Evaluate (0 - (-1 + 21 - -1)) + 1158 + -1150.
-13
Evaluate -1 + (7 - 2) + -1 - (44 + -40).
-1
Calculate -30 - -1 - -2 - (-381 - -368).
-14
Evaluate -21 - (1 + 0) - ((-19 - -60) + -37).
-26
Evaluate 8 + (-19 - (-18 - -35 - 50)).
22
Evaluate (0 - 25) + (117 - 99).
-7
Evaluate 5 + -5 - (1 - (-3 - (-7 + 0))).
3
Evaluate -12 + -6 - (-34 - -7).
9
What is the value of 16 - (-40 - -21) - 25?
10
What is the value of (-10 - -18) + -11 + 1?
-2
What is the value of -18 + 4 - (4 - 14)?
-4
Evaluate (-1 - (10 - -1 - (66 + -56))) + 25.
23
Calculate (13 + -8 - -7) + -4.
8
Evaluate 4 + 1 + -6 + (2 - -6) + -1.
6
What is the value of 14 + (-55 - (-16 - -7 - -5))?
-37
-13 - (13 + -3) - (5 - 10 - -7)
-25
Calculate (-3 - -8) + 14 + -4.
15
-3 + -4 + 8 + (-13 - -10)
-2
Evaluate (3 - -5 - 15) + 13 + -2 + -1.
3
19 + 2 + (-49 - -47)
19
What is 21 - ((16 - -8) + -16)?
13
What is the value of (12 - 12) + (6 - (20 + -1))?
-13
-30 - (8 + -6 - 11)
-21
What is (2 - (-8 + 1)) + (168 - 170)?
7
What is the value of -5 - (-20 - (-6 + 7)) - (11 - 5)?
10
Evaluate -22 + 18 + -18 + (0 - 4).
-26
What is the value of -12 + (-14 - (10 + 8 + -22))?
-22
Calculate (-1 - 27) + 200 + -182.
-10
What is the value of -2 + 1 + 11 + (-29 - -19)?
0
What is 13 + 4 + -13 - (3 - (-6 + 10))?
5
Evaluate -16 + 18 - (-4 + 7 - (2 - 1)).
0
Calculate -49 + 32 + 44 - 11.
16
2 + 1 + -12 - (-27 - (-5 - -5))
18
Calculate -18 - ((33 - 93) + 39).
3
What is the value of -9 + (-7 - (-10 - -8 - 5))?
-9
Evaluate -8 + (4 - -5) + (4 - -6).
11
What is the value of 14 + -14 + 4 + 5?
9
(2 - 5) + (1 - (4 + -10))
4
What is -4 + -21 + 10 + 4?
-11
-43 + 52 - (0 - (-19 - 3))
-13
What is -9 + 5 + -5 + 2?
-7
What is the value of (3 - (8 - -4)) + -6 - 0?
-15
What is (54 + -70 - (-1 + -8)) + 5?
-2
What is (-4003 - -3995) + (8 - 1 - 1)?
-2
Calculate -3 - (13 + -22) - (-1 + 14).
-7
Evaluate 5 + 5 + (3 - 3).
10
Calculate 46 + 70 + -131 + 2 + -2.
-15
What is 15 - (-7 - (6 + 0 + (-34 - -16)))?
10
What is 1 - (2 + -7 + (2 - -5 - -2))?
-3
What is the value of -18 - ((-3 - 0) + -2) - (6 + -13)?
-6
Calculate -5 + -3 + (-12 - (6 + -8)) + 3.
-15
What is the value of (-14 - -66 - 53) + 25 + 1?
25
What is the value of (4 - -2) + (-6 - -17 - (27 - 7))?
-3
Calculate 10 + (-9 + 16 - (-5 - (-5 + -5))).
12
Evaluate -2 - (8 + 1) - (-5 - (2 + -4)).
-8
4 - (-6 - (2 + 3 + -28)) - 4
-17
Evaluate 10 + -29 - (36 - 56).
1
What is (-9 - ((-22 - -11) + 8 - 9)) + -41?
-38
Calculate (-2 - (-6 + -24)) + -50.
-22
What is the value of ((2 - -6) + -7 + 10 - 11) + 22?
22
Evaluate -40 + (42 - (25 + 3)).
-26
(12 + 9 - 13) + -2
6
What is the value of 6 + (-19 + 28 + -20 - (-1 - 3))?
-1
-8 - -31 - (-12 - -38)
-3
56 - 28 - 5 - (0 + -3)
26
Evaluate 0 - 20 - (-6 + 9 - 10).
-13
What is the value of 0 + -1 - ((13 - 13) + -11 - -9)?
1
What is (11 - 10 - 5) + (-1 - -16) - -8?
19
Calculate (-4 - (-21 - -14)) + (-1 - 3).
-1
Calculate -13 - (-6 + 8 + -6 + 5).
-14
Evaluate -2 + -3 - (6 + -6 + 10 + -10).
-5
What is the value of 4 - 15 - (-189 - -163)?
15
Calculate -17 + 5 - (-3 + (-7 + 3 - -4)).
-9
-4 + 0 + 5 + 1 + -1
1
What is the value of (-20 - (3 + -11)) + 12?
0
Evaluate -4 + -9 + 11 + 12 + 6.
16
What is the value of (-1 - (2 - 3)) + (-163 - -164)?
1
Calculate (-14 - 1) + (488 - 455).
18
-14 - (18 + -57 - -13)
12
Evaluate 17 - (7 - (-2 + 9 - 8)).
9
What is 0 - 16 - (9 + 10 + -17)?
-18
What is the value of 8 + 1 - (991 + -996)?
14
What is the value of -29 - (5 - 43) - 1?
8
Calculate (-7 + (-1 - -3) - -6) + -4.
-3
What is (-1 - (-12 + 8)) + -17 - (-6 + 0)?
-8
Calculate -1 + 4 + (5 - -14 - 8).
14
What is the value of (-1 + -6 - -2) + -2 - -8?
1
-11 + -2 + (-8 - (-37 + 20))
-4
Evaluate 353 + -365 + (5 - 1).
-8
Evaluate 15 + (1 + -8 + -1 - (-49 + 37)).
19
Calculate 17 + (-10 - -11) + -6 - -5.
17
Evaluate (-54 - -34) + 1 + 0 + 5 + -4.
-18
Evaluate 24 + 56 + -33 - 12.
35
Calculate (-21 - -15) + (0 - 2) + 25.
17
What is the value of 18 + 4 + -24 - (-6 + 1)?
3
Evaluate -14 - -12 - 22 - (5 + 3).
-32
What is -12 + 2 + 396 + -387?
-1
Evaluate -34 + 13 + -1 - -8.
-14
(7 - 11) + -3 + 4 + -3 + 10
4
Calculate 8 - ((-26 - 3) + 46).
-9
Calculate -34 + 2 - (-464 + 395).
37
Calculate 2 + (0 - -8) + -8 + -9.
-7
Calculate -10 + (10 - 6) - -13 - (5 - -1).
1
What is the value of -1340 + 1292 - (1 - 62)?
13
What is the value of (39 - 60 - -39) + 10 + -1 + 0?
27
Calculate 0 + -10 - -14 - (0 - -1 - 4).
7
(-1 - 11) + 1 + (85 - 42)
32
-9 - (-3 - (-25 + 11 + -11) - -5)
-36
Evaluate -1 + -7 + -9 + -1.
-18
Evaluate -2 + 3 + (-1 - 4) + (60 - 45).
11
What is 5 - (-2 + 3) - (-60 + 31 - -55)?
-22
Calculate 5 + (1 - 10 - 6) - -6.
-4
What is 2 + 9 + (-7 - (5 - 8))?
7
Calculate 8 + -16 + -23 + (6 - 3).
-28
What is -1 + -3 - (-14 - -6) - (20 + -8)?
-8
(628 - 681) + (17 - 0) + 1
-35
What is 3 - (-3 - (0 - (8 - 15)))?
13
Calculate -9 - -1 - (-10 + 7 + 8 - 9).
-4
What is the value of 10 + (-1 - -7) + 16 + -14 + -9?
9
What is 5 + 4 + -21 + -3 + -5?
-20
What is (0 - (-48 - -49 - (-1 + 8))) + -11?
-5
What is 13 - (9 + -2) - (1 - 3 - 7)?
15
What is (11 - 7) + -2 + 0 + (1 - 4)?
-1
Evaluate -7 + 14 + -11 + (10 - 12).
-6
(-12 - 1) + (-12 - -23) - -25
23
What is the value of -37 + (38 - -42) + -5?
38
28 - (-9 - 9 - -10 - -18)
18
Calculate 5 + -20 - (-41 + 3).
23
What is the value of 32 + (-5 - -1) + -306 + 300?
22
What is -528 + 532 - (7 + -2 + -1)?
0
(-8 + -14 + 13 - 8) + 51
34
Calculate 7 - (-30 + 41 + (-17 - (-4 + -1))).
8
What is the value of -1 + -4 + (8 - (4 + 3)) + -12?
-16
0 + (1 - 1) + 15 + -1 + 0
14
-5 - (-6 + (2 - 0) + -24 + 32)
-9
13 + -8 + (-2 - 2)
1
Evaluate (-8 - (-4 + 6)) + (-19 - -34).
5
What is (3 - -3 - 2 - -7) + 5 + -6?
10
Calculate 13 - (-5 - 11 - -17).
12
What is -17 - 4 - -4 - 3 - (6 - 